7 and 459?
17
Calculate the greatest common factor of 122450 and 930.
310
What is the highest common divisor of 242954 and 331?
331
What is the highest common divisor of 4185 and 17685?
135
Calculate the highest common divisor of 700056 and 72.
72
What is the greatest common factor of 7274618 and 498?
166
Calculate the highest common divisor of 1495 and 14605.
115
What is the highest common factor of 294 and 84182?
98
What is the highest common factor of 72 and 8676?
36
Calculate the highest common divisor of 60 and 47020.
20
What is the highest common factor of 25515 and 254205?
945
Calculate the highest common factor of 3 and 3108.
3
Calculate the highest common factor of 1196 and 15985.
23
Calculate the greatest common factor of 1044 and 449703.
261
Calculate the greatest common factor of 3783 and 16029.
39
What is the highest common factor of 580227 and 1054?
527
What is the highest common factor of 1374 and 1368046?
458
Calculate the greatest common divisor of 135 and 70515.
45
Calculate the highest common divisor of 90 and 109638.
18
Calculate the greatest common factor of 80494 and 2672.
334
Calculate the highest common divisor of 5088 and 40068.
636
Calculate the greatest common divisor of 64 and 47824.
16
Calculate the highest common factor of 1066 and 10021999.
533
Calculate the greatest common factor of 8220 and 900.
60
Calculate the highest common factor of 73491 and 6943.
131
Calculate the highest common factor of 7880 and 98303.
197
What is the greatest common divisor of 2135528 and 109?
109
What is the highest common factor of 16650 and 1200?
150
Calculate the greatest common factor of 20900 and 500.
100
Calculate the highest common divisor of 15 and 63620.
5
What is the highest common divisor of 6123 and 4875?
39
What is the greatest common divisor of 23306 and 602?
86
Calculate the greatest common divisor of 588 and 15680.
196
What is the highest common factor of 678123 and 27?
9
What is the highest common factor of 2194256 and 16?
16
What is the greatest common divisor of 45250 and 724?
362
Calculate the greatest common divisor of 2072 and 9352.
56
Calculate the greatest common divisor of 2703 and 363.
3
What is the greatest common divisor of 450581 and 1?
1
Calculate the highest common divisor of 18 and 83205.
9
What is the greatest common divisor of 11168 and 12?
4
What is the highest common factor of 58296 and 56?
56
Calculate the highest common factor of 31733 and 26.
13
What is the highest common divisor of 747 and 32121?
747
What is the greatest common divisor of 1215 and 1944?
243
Calculate the highest common factor of 958191 and 26.
13
What is the greatest common factor of 46882 and 22?
22
What is the greatest common factor of 3192 and 598234?
266
What is the highest common factor of 177260 and 8?
4
Calculate the greatest common divisor of 465 and 125.
5
What is the greatest common divisor of 4676 and 217?
7
What is the greatest common factor of 70 and 5670?
70
What is the greatest common factor of 14 and 8316?
14
Calculate the highest common factor of 31421 and 13.
13
Calculate the highest common factor of 740 and 3555330.
370
What is the highest common divisor of 153386 and 2168?
542
Calculate the greatest common divisor of 4102639 and 2098.
1049
What is the highest common factor of 19 and 710?
1
Calculate the greatest common factor of 938 and 3262.
14
Calculate the greatest common factor of 101780 and 280.
140
Calculate the highest common factor of 349008 and 24.
24
What is the highest common factor of 253 and 11737?
11
Calculate the greatest common factor of 23951 and 473.
43
Calculate the greatest common factor of 200 and 16856.
8
Calculate the highest common factor of 4512361 and 4165.
833
Calculate the highest common divisor of 39488 and 1824.
32
Calculate the highest common factor of 25810 and 11125.
445
What is the highest common divisor of 26 and 3757?
13
What is the greatest common factor of 21710 and 1430?
130
What is the greatest common divisor of 26 and 5324?
2
What is the greatest common divisor of 13872 and 8?
8
What is the greatest common factor of 4485 and 40595?
115
Calculate the greatest common divisor of 3212 and 18323.
73
Calculate the highest common factor of 11936 and 1536.
32
Calculate the greatest common factor of 6100 and 976.
244
Calculate the highest common factor of 1242 and 198.
18
What is the greatest common divisor of 26 and 15561?
13
Calculate the highest common factor of 296 and 14837.
37
Calculate the highest common factor of 85 and 169405.
85
Calculate the highest common divisor of 3612 and 51342.
258
What is the highest common factor of 86010 and 1175?
235
What is the greatest common factor of 7081 and 776?
97
What is the greatest common factor of 1470 and 46095?
105
What is the greatest common divisor of 723000 and 15?
15
Calculate the highest common factor of 730 and 13835.
5
What is the greatest common factor of 867 and 1785?
51
What is the greatest common divisor of 1325 and 92485?
265
What is the greatest common factor of 1595 and 2035?
55
What is the greatest common factor of 9947 and 5488?
343
Calculate the highest common divisor of 144 and 471024.
144
What is the highest common factor of 1419 and 5247?
33
What is the highest common factor of 53660 and 100?
20
Calculate the highest common factor of 997250 and 250.
250
Calculate the highest common divisor of 6531 and 56.
7
What is the greatest common divisor of 64 and 1765008?
16
What is the highest common factor of 2651 and 77?
11
What is the greatest common factor of 19632 and 2045?
409
Calculate the greatest common factor of 819093 and 11.
11
Calculate the highest common divisor of 1335 and 300.
15
Calculate the greatest common factor of 76559 and 49.
7
Calculate the greatest common divisor of 10122 and 273.
21
Calculate the greatest common factor of 92 and 123349.
23
Calculate the greatest common factor of 1487970 and 220.
110
What is the greatest common factor of 4508 and 115598?
322
What is the greatest common factor of 782 and 258451?
391
What is the greatest common divisor of 498 and 30924?
6
What is the greatest common divisor of 6040609 and 71?
71
What is the greatest common divisor of 130 and 12970?
10
What is the highest common factor of 32 and 20572?
4
What is the greatest common divisor of 8751 and 120?
3
What is the greatest common factor of 585 and 6695?
65
What is the greatest common factor of 114 and 453066?
6
What is the highest common factor of 1969400 and 688?
344
Calculate the highest common divisor of 80 and 146760.
40
What is the greatest common factor of 12768417 and 963?
963
Calculate the highest common factor of 1855 and 10255.
35
Calculate the highest common divisor of 36 and 118392.
12
What is the greatest common factor of 128 and 7547?
1
What is the greatest common factor of 11017 and 5269?
479
What is the highest common divisor of 62984 and 24?
8
What is the greatest common divisor of 143939 and 102?
17
Calculate the greatest common divisor of 679529 and 43.
43
What is the highest common factor of 100598 and 1790?
358
What is the highest common divisor of 25 and 15685?
5
What is the highest common factor of 154 and 12836978?
154
Calculate the greatest common divisor of 314 and 394227.
157
Calculate the highest common factor of 25228 and 773164.
1484
Calculate the highest common divisor of 54360 and 12840.
120
Calculate the greatest common divisor of 32 and 39920.
16
What is the highest common factor of 885 and 533301?
177
What is the highest common divisor of 23206 and 13018?
566
What is the highest common factor of 1834 and 65730?
14
Calculate the highest common factor of 92922 and 85.
17
What is the highest common factor of 449536 and 2048?
1024
What is the greatest common divisor of 166 and 4202?
2
Calculate the greatest common divisor of 2835 and 82530.
315
What is the greatest common factor of 88208 and 2960?
592
What is the greatest common divisor of 458169 and 9?
3
What is the highest common factor of 1137591 and 42?
21
What is the greatest common divisor of 400638 and 56?
14
Calculate the highest common factor of 268 and 23785.
67
What is the highest common factor of 336 and 2247?
21
Calculate the greatest common divisor of 2496720 and 36.
12
What is the highest common factor of 53